lse
Suppose -12*m + 23144 = -m. Suppose 4*f + 9021 - m = 5*r, 0 = 5*r + f - 6902. Is r a composite number?
False
Suppose -29*r - 1826 = 29*r - 60*r. Let z(d) = 15*d - 6. Let f be z(4). Let v = f + r. Is v a composite number?
False
Let y(i) be the first derivative of 21*i**3 + 8*i**2 + 50*i + 205. Is y(12) composite?
True
Suppose 296*b + 73426160 - 100346884 - 161590724 = 0. Is b composite?
False
Suppose -2*g = -60 + 1366. Let z = -2470 - -5910. Let w = z + g. Is w a composite number?
True
Let l = -5036 + 3219. Let b = -606 - l. Is b a prime number?
False
Suppose 4*p + 4*u - 12 = 0, 1 = 3*p + u - 8. Let o be (-3)/(-6 + p) + 4. Suppose 0 = 3*k + 6, -k = o*s + 3*k - 2447. Is s prime?
True
Let c = 59271 - 83799. Let s = -16015 - c. Is s composite?
False
Suppose 0 = 3*b - 24 + 15. Suppose -b*s = 2*q - 841 - 14613, 38635 = 5*q - 3*s. Is q prime?
True
Let c(o) = 38 - o**2 + 5*o**3 - 2*o**3 - 45 + 4*o - 4*o**3. Suppose 0 = -3*s - 0*s - 18. Is c(s) composite?
False
Let q be (27/6 + -5)*40. Let s = q - -24. Is 14724/8 + (4 - 14/s) prime?
False
Suppose -4*v - 518866 = -2*f, 230939 = -4*f + 3*v + 1268631. Is f prime?
False
Let k = -3448 - -2062. Let x be 1/((-2)/1802) - -2. Let s = x - k. Is s a prime number?
True
Suppose 99*q + 127570 = 109*q. Is q a composite number?
False
Suppose 5*n - 4*u - 180 = 0, 0 = 5*n + 2*u - 83 - 67. Let f(s) = 2*s**2 - 38*s - 14. Is f(n) a prime number?
False
Suppose 0*o - o = 12. Suppose -5*x - 205 = -2*u + 7*u, -3*x = -2*u + 113. Is (x/o - 4)*-1132 a composite number?
True
Suppose 6*v = -2*i + 9170, -4*i - 10*v + 18444 = -11*v. Is i composite?
True
Is (-763412)/(-91) + (-4)/28 a composite number?
False
Let k be -2 + (-39)/(-6) + (-4)/(-8). Let w be 69/21 - (-4)/(-14). Suppose 4*d + 3*j - k*j - 11380 = 0, 0 = -w*d + j + 8533. Is d a composite number?
False
Let v be 17/85 - (-19818)/10. Suppose 2*l + v = -0*l. Let r = -418 - l. Is r composite?
True
Is ((-2)/(-4))/((-8)/(-37529*16)) composite?
False
Suppose -6*j + 7 = -65. Let u(y) = 4*y**3 - y**2 - 7*y + 4. Let p be u(2). Is 1/((-4)/(-14622))*j/p composite?
False
Let m(i) be the third derivative of 0 + 0*i + 109/12*i**4 + 11/6*i**3 - 34*i**2. Is m(16) prime?
True
Let f = 178999 - 74630. Is f composite?
False
Let d be 106/1219 + 21/23. Is 14328 + 13 + 6/d prime?
True
Suppose -11*w - 233928 = -927775. Is w prime?
False
Is (1 + -7)*16531165/840*-4 composite?
False
Let l be ((-1)/3)/(30/90). Let a(y) = -3 - 5 - 160*y + 23*y. Is a(l) composite?
True
Let z = -111 + 108. Let n be (z/(-9))/(2/24). Suppose 0 = -l - o + 284, 1082 + 341 = 5*l + n*o. Is l prime?
False
Let r = -139 - -203. Let y(p) = r*p + 8*p - 26*p - 41 + 66*p. Is y(6) composite?
False
Suppose 0 = 4*v + 20, -16*z + 5*v = -14*z - 29. Suppose -4*h - 6737 = -5*d, d - z*h - 4043 = -2*d. Is d composite?
True
Suppose -9*z + 762056 + 4990843 = 0. Is z a prime number?
True
Suppose -2*v = 4*b + 6, 4*b = -33 + 13. Is 21320/14 - v/(-49) composite?
False
Let b be (-8)/(-6) + (-4)/(-6). Suppose -2*v - 2*h = -7 - 5, 5*v = -b*h + 15. Is (-3 + 584*1)/v prime?
False
Let x(i) = -i**2 + 11*i - 18. Let r be x(7). Let v be (-29)/(-5) + (-38)/r + 4. Suppose -446 = -v*q + 1312. Is q prime?
True
Suppose -5 = -j - 2*b, -3*j - 3*b + 11 = 2. Let n(q) = 3315*q + 12. Is n(j) a composite number?
True
Let r(y) = -84*y - 7. Let v be r(-18). Suppose 4*c - v = 3575. Let j = c - 713. Is j composite?
False
Suppose -680264 = 34*k - 47*k. Suppose 0 = -2*y - 6*y + k. Is y composite?
True
Let s = 89 - 81. Is 72165/68 + (-2)/s composite?
False
Let s(c) = 12*c**2 - 8*c - 19. Let l = -7 - -25. Let h be s(l). Let b = h + -2194. Is b a composite number?
False
Suppose 2*p - 3*d = 12, -5*p - 5*d = -0*p + 20. Let x = p - -4. Suppose 0 = -x*a - 4*y + 2822 + 9614, 3*a - y - 9327 = 0. Is a composite?
False
Let a = 71 + -132. Let z = 60 + a. Is (z - -1) + 2 + (1197 - 28) a prime number?
True
Suppose 4 = -j + 11. Let m = -3232 + 3234. Suppose -4*i + p + 8817 = 0, -j*p = -m*i - 11*p + 4386. Is i composite?
False
Let k(j) = -89633*j + 54. Is k(-1) composite?
True
Let h(j) = 720*j**2 + 3*j - 4. Suppose 26*x - 24*x = 0. Suppose -1 = -x*l - l. Is h(l) a prime number?
True
Suppose -49529 = -16*f + 136542 + 87161. Is f prime?
True
Let k = 313 - 305. Let p(a) = 21*a**2 + a + 9. Is p(k) prime?
True
Suppose -2*c - 2*c + 29382 = -p, 8 = -4*p. Suppose 3*h = 2*z - c, 4*z + 12*h = 9*h + 14681. Is z composite?
False
Is 17 + 51736 + (-56)/(-4) prime?
True
Let p = -617669 + 1262998. Is p composite?
False
Let f = -172792 - -259691. Is f a prime number?
False
Suppose -x - 5*y + 9899 = 0, 0*y + 5*y + 49615 = 5*x. Suppose -x = 32*l - 45*l. Is l prime?
False
Suppose -5*s - 31 + 46 = 0. Suppose 0 = 3*b - s*v, -v + 20 = b + 3*v. Suppose 5*q = -b*q + 24903. Is q a prime number?
True
Let b = 1422 + -2464. Let j(f) = -9*f**3 + 8*f + 3. Let w be j(6). Let u = b - w. Is u a prime number?
False
Suppose -41*o = -36*o - 20. Is (-6)/o*153604/18*-3 composite?
True
Suppose 0 = 4*q + 16, 3*q + 26 = 5*n - 3*n. Let l be 62*(453/n - (-8)/28). Suppose 4*r - 1078 = l. Is r prime?
True
Suppose -3*z + 2*n - 5 = 2, -2 = -4*z - 3*n. Is (-6)/36 - (31071/(-18) + z) composite?
True
Suppose -172*t - 117*t + 29370203 = 0. Is t prime?
True
Let k = 22961 - 14235. Is k composite?
True
Suppose -4*s + 273718 = -513118. Is s a prime number?
True
Let c be (4/6)/(6 - (-1083)/(-180)). Let q = 14 - 24. Is c/q + 1350/2 prime?
False
Suppose 5*a + 25 = 0, -6*y - 11 = -4*y + 5*a. Let u(m) = -14 + 8*m**2 - 4 + 4 - 7*m. Is u(y) a prime number?
False
Let u(y) = 537*y - 82. Let k be u(15). Let z = k + -5504. Is z composite?
True
Let u = 45 + -27. Suppose -u = c + 2*c. Is (-2106)/(-2) + 24/c prime?
True
Suppose 2*g = r + 15248, r = 2*g + 6*r - 15284. Is g a composite number?
True
Let t(a) = a**3 - 99*a**2 - 79*a + 137. Is t(100) a prime number?
True
Let l be 15/6 + (-90)/(-36). Suppose -l*w + 43878 = -3*n + 8360, 4*w - 28417 = 5*n. Is w prime?
True
Let h = 172 + -170. Is 2605*2*(h + 3/(-2)) a prime number?
False
Let q be -1267 - (2 - 0/(-1) - 3). Let h = q - -2011. Is h a composite number?
True
Let a be (-447)/(((-36)/(-116))/(-3)). Let g = -2684 + a. Is g prime?
True
Suppose 9*t + 2*a - 43212 = 6*t, 2*t + 2*a - 28808 = 0. Let b = t - 4944. Is b/33 - 1/(-3) a composite number?
True
Let i(h) = -h**2 + 2*h - 377. Let k be i(0). Is -3*k/1 - 40/(-10) composite?
True
Suppose 5*b - 848545 = -z, -3*b - 32*z + 509127 = -27*z. Is b composite?
False
Suppose -5*d = 3*v + 202 - 1632, -4*d = -2*v - 1166. Is d prime?
False
Let t(o) = 4*o**3 - 13*o**2 - 47*o - 85. Is t(18) a composite number?
True
Let h(f) = -f**2 - 15*f - 22. Let y be h(-13). Suppose 0 = 2*z + z + 2*t + 11, -y*z = 4*t + 12. Is ((-1478)/z)/((-24)/(-120)) a composite number?
True
Let s(j) = 26*j**3 - 11*j**2 - 44*j - 254. Is s(15) composite?
True
Suppose 412 = 6*t + 5578. Let c be 1*2 + (-214)/1. Let a = c - t. Is a prime?
False
Let b(u) = 625*u**2 + 0 + 39*u**2 + u + 1 - 2*u. Let v be b(-1). Is (-2)/(-5) + v/10 prime?
True
Suppose -13*x = 26554 + 21429. Is (x/(-1))/((6 - 17)/(-11)) composite?
False
Let u(q) = q**3 + 18*q**2 + 26*q - 8. Let j(z) = z**2 + z + 1. Let b(r) = 3*j(r) - u(r). Is b(-16) a composite number?
True
Let b = -102 - -106. Let p be 673 + -2 + b*1/(-2). Suppose 4*g + 213 = 4*n - 679, -2*g - p = -3*n. Is n a prime number?
True
Let c(y) = -18*y + 4. Let d be c(1). Let z be 18/(-63) - (0 - (-46)/d). Is 2*(-1)/z*(-42783)/26 composite?
False
Suppose 7846665 - 588145 = 40*b. Is b a composite number?
True
Suppose 2776 - 152 = 4*x. Let p = 136 + x. Suppose 4*z = q + p + 212, -q = -3*z + 753. Is z a composite number?
False
Let d = 100364 + -55365. Is d a prime number?
False
Let b(t) = 961*t**2 + 57*t - 929. Is b(22) a prime number?
False
Let t be (-4)/(-6)*849*1. Let k = -424 - -427. Suppose -6 = 2*h, k*h - t = -5*n - 0*h. Is n a composite number?
True
Let s be 87/9 + (-3)/(-9). Let t be ((-12)/10)/((-4)/s). Suppose 2409 = t*g + 4*w, 0 = w + 2*w. Is g a prime number?
False
Let y(a) = 12*a + 32. Let o be y(12). Let c = 273 + o. Is c prime?
True
Let w be 12*(-4)/24*-776. Let u = 3513 - w. Is u composite?
True
Let u = 172 - 268. Let t be u/3*(48 + 5). Let x = t + 3585. Is x composite?
False
Let b be -591*(-3 - -13)/(-5). Suppose 2*i + 3*n - b = 0, -3*i = -5*n - 4 - 1769. Is i a 